1?
7
What is the remainder when 474843 is divided by 568?
563
Calculate the remainder when 24324 is divided by 12047.
230
What is the remainder when 3438 is divided by 16?
14
What is the remainder when 512427 is divided by 32?
11
What is the remainder when 7851 is divided by 143?
129
Calculate the remainder when 21660 is divided by 83.
80
What is the remainder when 205137 is divided by 16?
1
What is the remainder when 3424 is divided by 73?
66
What is the remainder when 519366 is divided by 193?
3
What is the remainder when 5778 is divided by 89?
82
Calculate the remainder when 73929 is divided by 11.
9
Calculate the remainder when 143693 is divided by 17.
9
What is the remainder when 23729 is divided by 2636?
5
What is the remainder when 17539 is divided by 2?
1
Calculate the remainder when 90621 is divided by 6954.
219
Calculate the remainder when 842 is divided by 430.
412
What is the remainder when 220456 is divided by 73484?
4
What is the remainder when 248882 is divided by 82958?
8
What is the remainder when 249028 is divided by 24898?
48
Calculate the remainder when 10013 is divided by 907.
36
Calculate the remainder when 412 is divided by 262.
150
Calculate the remainder when 2783 is divided by 311.
295
Calculate the remainder when 63148 is divided by 435.
73
What is the remainder when 42545 is divided by 685?
75
Calculate the remainder when 901 is divided by 66.
43
What is the remainder when 521849 is divided by 382?
37
What is the remainder when 5870 is divided by 5797?
73
Calculate the remainder when 686 is divided by 179.
149
Calculate the remainder when 22800 is divided by 27.
12
What is the remainder when 1368 is divided by 344?
336
Calculate the remainder when 5808 is divided by 35.
33
What is the remainder when 5504 is divided by 100?
4
Calculate the remainder when 7153 is divided by 61.
16
What is the remainder when 1371 is divided by 960?
411
What is the remainder when 83669 is divided by 139?
130
Calculate the remainder when 464 is divided by 408.
56
What is the remainder when 32683 is divided by 65?
53
What is the remainder when 22196 is divided by 100?
96
What is the remainder when 6112 is divided by 528?
304
What is the remainder when 11853 is divided by 623?
16
Calculate the remainder when 138058 is divided by 398.
350
What is the remainder when 43402 is divided by 4?
2
What is the remainder when 4471 is divided by 2208?
55
Calculate the remainder when 21230 is divided by 5210.
390
What is the remainder when 70955 is divided by 2370?
2225
What is the remainder when 12096 is divided by 435?
351
What is the remainder when 3248 is divided by 173?
134
What is the remainder when 75408 is divided by 25129?
21
What is the remainder when 1213537 is divided by 10?
7
Calculate the remainder when 219584 is divided by 54889.
28
What is the remainder when 11123 is divided by 3683?
74
Calculate the remainder when 14006 is divided by 280.
6
Calculate the remainder when 1582590 is divided by 37.
26
Calculate the remainder when 354974 is divided by 39.
35
What is the remainder when 270646 is divided by 36?
34
What is the remainder when 12207 is divided by 37?
34
Calculate the remainder when 9846 is divided by 8.
6
Calculate the remainder when 1005 is divided by 334.
3
Calculate the remainder when 156872 is divided by 78426.
20
Calculate the remainder when 106325 is divided by 18.
17
Calculate the remainder when 85785 is divided by 243.
6
What is the remainder when 5154 is divided by 225?
204
What is the remainder when 9957 is divided by 587?
565
Calculate the remainder when 19755 is divided by 278.
17
Calculate the remainder when 147396 is divided by 159.
3
What is the remainder when 263255 is divided by 59?
56
What is the remainder when 138299 is divided by 60?
59
Calculate the remainder when 1550 is divided by 296.
70
Calculate the remainder when 28299 is divided by 10.
9
What is the remainder when 11936 is divided by 30?
26
Calculate the remainder when 11109 is divided by 695.
684
What is the remainder when 1070 is divided by 259?
34
What is the remainder when 18481 is divided by 1843?
51
What is the remainder when 71902 is divided by 846?
838
What is the remainder when 16469 is divided by 445?
4
What is the remainder when 187088 is divided by 453?
452
What is the remainder when 5013 is divided by 1613?
174
Calculate the remainder when 8492 is divided by 4035.
422
What is the remainder when 10770 is divided by 49?
39
Calculate the remainder when 23389 is divided by 26.
15
Calculate the remainder when 16535 is divided by 23.
21
What is the remainder when 8521 is divided by 558?
151
What is the remainder when 129061 is divided by 308?
9
Calculate the remainder when 3655988 is divided by 43.
42
Calculate the remainder when 16552 is divided by 4136.
8
What is the remainder when 125639 is divided by 234?
215
Calculate the remainder when 18391 is divided by 219.
214
What is the remainder when 4618 is divided by 61?
43
Calculate the remainder when 2101 is divided by 426.
397
What is the remainder when 14948 is divided by 288?
260
Calculate the remainder when 448610 is divided by 80.
50
Calculate the remainder when 11409 is divided by 95.
9
What is the remainder when 6812 is divided by 1390?
1252
Calculate the remainder when 11334 is divided by 3777.
3
What is the remainder when 37689 is divided by 53?
6
Calculate the remainder when 14251 is divided by 4601.
448
What is the remainder when 133964 is divided by 4619?
13
Calculate the remainder when 67765 is divided by 11.
5
Calculate the remainder when 5226 is divided by 5.
1
What is the remainder when 1121958 is divided by 140?
138
What is the remainder when 1248 is divided by 1153?
95
What is the remainder when 61029 is divided by 628?
113
Calculate the remainder when 1359 is divided by 403.
150
What is the remainder when 3617 is divided by 3?
2
Calculate the remainder when 8179 is divided by 10.
9
Calculate the remainder when 2226 is divided by 1212.
1014
What is the remainder when 6038 is divided by 20?
18
What is the remainder when 27671 is divided by 137?
134
Calculate the remainder when 32287 is divided by 32.
31
What is the remainder when 1318 is divided by 39?
31
Calculate the remainder when 113936 is divided by 10.
6
Calculate the remainder when 6497 is divided by 381.
20
What is the remainder when 348245 is divided by 8?
5
Calculate the remainder when 479316 is divided by 49.
47
Calculate the remainder when 86144 is divided by 15.
14
Calculate the remainder when 178864 is divided by 6388.
0
Calculate the remainder when 42491 is divided by 74.
15
Calculate the remainder when 197383 is divided by 21926.
49
What is the remainder when 5352 is divided by 135?
87
What is the remainder when 6243 is divided by 481?
471
Calculate the remainder when 35871 is divided by 48.
15
Calculate the remainder when 167113 is divided by 154.
23
Calculate the remainder when 5448 is divided by 25.
23
Calculate the remainder when 17443 is divided by 239.
235
Calculate the remainder when 14462 is divided by 391.
386
What is the remainder when 16980 is divided by 4242?
12
What is the remainder when 30642 is divided by 73?
55
What is the remainder when 41428 is divided by 143?
101
What is the remainder when 44034 is divided by 1080?
834
Calculate the remainder when 80529 is divided by 601.
596
Calculate the remainder when 98950 is divided by 153.
112
Calculate the remainder when 1504 is divided by 729.
46
Calculate the remainder when 787 is divided by 245.
52
Calculate the remainder when 2986116 is divided by 9.
6
What is the remainder when 17698 is divided by 763?
149
Calculate the remainder when 587 is divided by 123.
95
Calculate the remainder when 1076 is divided by 407.
262
What is the remainder when 166918 is divided by 52?
50
What is the remainder when 2794 is divided by 592?
426
Calculate the remainder when 3720 is divided by 461.
32
Calculate the remainder when 641 is divided by 138.
89
What is the remainder when 9883 is divided by 758?
29
What is the remainder when 39215 is divided by 1265?
0
Calculate the remainder when 146081 is divided by 1082.
11
Calculate the remainder when 8958 is divided by 127.
68
What is the remainder when 35178 is divided by 49?
45
What is the remainder when 90641 is di